 List the prime factors of f(y).
3, 59
Let z = 1914 - 1945. Suppose -96 = 3*x + 3*i, 5*x - i - i + 181 = 0. Let s = z - x. What are the prime factors of s?
2
Let d(q) = -2*q**3 - 11*q**2 + 6*q - 6. Let j be d(-6). Let y be (-224)/j*(-42)/(-4). Suppose 3*r - y = -r. List the prime factors of r.
2, 7
Let i = -14 + 18. Suppose -i*w + 167 = -93. Suppose q = -2*x + w, x = 3*x + 2. List the prime factors of q.
67
Suppose 5*l + 5992 = 9*l. Suppose -3*b + l = -j, -7 + 3 = 4*j. List the prime factors of b.
499
Let v = 552 - -79. Suppose 645 = 2*c - v. Suppose -5*p - 2*u = -c, -6*p + 4*p + 4*u + 236 = 0. What are the prime factors of p?
2, 3, 7
Let i = 50 + -36. Let d(w) = -w**2 + 24*w - 33. Let p(l) = -l**2 + 23*l - 32. Let r(t) = -3*d(t) + 4*p(t). What are the prime factors of r(i)?
5, 11
Suppose 0 = 95*j - 93*j - 10. List the prime factors of (j/(20/(-4)))/((-3)/1569).
523
Let c(o) = 19*o + 10. Let y be c(-10). Let b = y - -149. Let w = b + 42. What are the prime factors of w?
11
Suppose 3 = -a, 0 = 3*q + a - 6 - 3. Suppose -4*o + 0*f + 508 = q*f, -240 = -2*o + 5*f. Suppose -219 = -4*k + o. What are the prime factors of k?
2, 43
Let t = 261 - -1089. What are the prime factors of t?
2, 3, 5
Suppose 0*q = 5*q - 2*p - 53, -4*q + 3*p = -48. Let a(z) = 9*z**2 - 15*z + 27. What are the prime factors of a(q)?
3, 23
Let g(h) = -874*h - 6514. What are the prime factors of g(-46)?
2, 3, 5, 1123
Let d(t) = -5*t + 3 + 23 + 7*t. Let w(y) = y**3 - 4*y**2 + 3*y + 1. Let p be w(4). What are the prime factors of d(p)?
2, 13
Let z = 851 + 687. List the prime factors of z.
2, 769
Suppose p + 84 = 213. Let o = p - 127. What are the prime factors of (-2550)/(-24) + o/(-8)?
2, 53
Suppose 2*k = -2*s - 12, 12 = -2*s - 7*k + 6*k. Let c be (74 - (-3 + 3))*s/(-3). Let d = 316 - c. What are the prime factors of d?
2, 3, 7
Suppose 2*o + 3429 + 2365 = t, -4*t = -4*o - 23176. List the prime factors of t.
2, 2897
Let w(v) = 2*v**2 + v - 7. Suppose -9 = -4*x + k, 4*k + 1 = x - 5. Let c be w(x). Suppose 4*t - 3*p - 59 = 0, 0*t + 2*p + 45 = c*t. List the prime factors of t.
17
Let l(q) = -12*q + 55. Let n(y) = 13*y - 54. Let g(b) = -2*l(b) - 3*n(b). Let w be g(-16). Let f = w + -167. What are the prime factors of f?
5
List the prime factors of (-66)/36 + 1/(-6) - -30527.
3, 5, 11, 37
Suppose -113 = -3*y + 2*y - 3*h, 4*h = 4. Suppose -2*d + 7 = -4*u + 3*u, u = -2*d + 1. Suppose 2*s = 2*x + 472, x - 362 = -d*s + y. List the prime factors of s.
2, 59
Let l(n) = 2*n**3 + 81*n**2 + 115*n + 114. What are the prime factors of l(-27)?
2, 3, 13, 107
Suppose -6*r - 24 = -12*r. Suppose 2*a - v - 467 = 0, 0*a + 919 = r*a + v. What are the prime factors of a?
3, 7, 11
Let u = -13 + 16. Suppose 0 = -3*l, 4*l - 330 = -u*v - 2*v. List the prime factors of v.
2, 3, 11
Let r = 292 - 286. Let c(w) = 13*w**2 + 4*w + 16. What are the prime factors of c(r)?
2, 127
Let j = -29 + 31. Suppose -3*m = 5*o + 2, 4 = 4*m - 2*m - j*o. Let u(h) = 128*h**3 + h**2 - h. What are the prime factors of u(m)?
2
Suppose 50*m + 56*m - 642042 = 0. List the prime factors of m.
3, 673
Suppose 3*n - 374 = 280. Let t(h) = -h**3 - 3*h**2 - h - 10. Let y be t(-6). Suppose u - 60 = 2*j, n = 5*u + j - y. What are the prime factors of u?
2
Suppose -4*d = -0*d - 4*m - 1932, 5*d - 2419 = 4*m. List the prime factors of d.
487
Suppose 0 = 4*s + 5*g + 4, -3*s - g = -4 - 4. Let z(v) = v**2 - 4*v + 4. Let a be z(s). Suppose -3*f + a*f = 73. What are the prime factors of f?
73
Suppose 2*q = -5*c + 831, 0 = 202*q - 201*q + 2. List the prime factors of c.
167
Let v be (2 - 8/((-48)/(-9)))*5932. List the prime factors of (v - 5)/3 - (-12)/(-2).
3, 109
Let u(f) = 7*f + 2*f**2 - 16 + 31 - 3*f**2. Let i be u(7). List the prime factors of (-1)/3 - 5/i*-424.
3, 47
Let o = -125 + 57. Let z = 63 + o. Let v(u) = -31*u - 5. List the prime factors of v(z).
2, 3, 5
Let o be 42/(-63) - 12/9. What are the prime factors of 6 + 968 + -1 + o/(-2)?
2, 487
Suppose 45106 = 2*y - 2*v, 4*v + 87927 + 24840 = 5*y. What are the prime factors of y?
5, 13, 347
Suppose -228942 = -5*q - 11*q - 5118. List the prime factors of q.
3, 4663
Suppose 51*j - 1198197 = -66*j. List the prime factors of j.
7, 11, 19
Suppose -60 = -6*y + 21*y. List the prime factors of 1123 - (-2 - (-12 - y)).
1117
What are the prime factors of (778/(-10))/((-8)/40*5/115)?
23, 389
Let l(f) = 24*f**2 + 56*f + 42. What are the prime factors of l(21)?
2, 3, 7, 281
Let d(c) = -c**3 - 20*c**2 - 20*c - 19. Let v = -56 - -37. Let f be d(v). Suppose 3*r + 5*h - 104 = f, -r + 3*h = h - 31. List the prime factors of r.
3, 11
Suppose -2*g = -4 - 2. Suppose -g*h + 36 = h. Suppose -75 = 6*w - h*w. List the prime factors of w.
5
Let t(n) be the first derivative of 19*n**2 - 6*n - 14. Let d be t(-6). List the prime factors of (-10)/(-2)*d/(-45).
2, 13
Suppose 0 = -n + 2*l + 119, l + 0*l + 455 = 4*n. Suppose -5*p = -3*m - 918, 0 = -5*p - 3*m - n + 1025. Suppose 79 = 2*c - p. What are the prime factors of c?
131
List the prime factors of ((-2)/(-11))/(14 - 13) + (-465472)/(-22).
2, 71, 149
Suppose 47*w + 89676 = 23*w + 33*w. List the prime factors of w.
2, 47, 53
Suppose 83*o - 2*n + 141224 = 87*o, -4*o = -n - 141200. List the prime factors of o.
2, 19, 929
Let x be -1185 + -5 + 0 + (-2)/(-1). Let g = x + 1806. Suppose 9*k = 183 + g. List the prime factors of k.
89
Suppose 3*i = -i + 454 + 7494. What are the prime factors of i?
1987
Let u = -562 - -562. Suppose -2*k + k + 742 = u. List the prime factors of k.
2, 7, 53
Suppose 3*l - 89 = -4*g, 5*g + 6*l = 7*l + 97. Let u(d) = 4*d**2 + 33*d + 27. Let k be u(g). Suppose -k = -14*t + 723. What are the prime factors of t?
5, 43
List the prime factors of (3/9)/((60/(-6))/(-279420)).
2, 4657
What are the prime factors of 3/(-5)*-1 + (-27676)/(-740)?
2, 19
Let f(i) = -6*i**3 - i**2 + 8*i - 11. Let o be f(2). Let t = 28 - o. What are the prime factors of t?
3, 5
Suppose -7*w + v + 26 = -3*w, -w = 3*v. Let h(d) = 75*d + 49. What are the prime factors of h(w)?
499
List the prime factors of 5/(-15)*2/(-5)*(144017 + -47).
2, 4799
Suppose -94*s - 3*h + 4758 = -90*s, -2*h - 4768 = -4*s. List the prime factors of s.
3, 397
Suppose -43*d - 21*d + 458964 = -28*d. List the prime factors of d.
11, 19, 61
Let d(w) = w**2 - 10. Let o(m) = m + 2. Let l(c) = d(c) + 3*o(c). Suppose -3*v + 21 = -0*v. List the prime factors of l(v).
2, 3, 11
Let y(p) = 4*p - 31. Let x be y(9). Suppose x*v - 4 = v. Let q(k) = 25*k**2 + 4*k - 4. What are the prime factors of q(v)?
5
What are the prime factors of (-8)/(-3)*(-2385108)/(-264)?
2, 19, 317
Suppose -11*f = -16*f + 2*u + 6101, -4*f = -2*u - 4882. List the prime factors of f.
23, 53
Suppose -640*n + 71664 = -628*n. List the prime factors of n.
2, 1493
Suppose 11587 = 3*z + 5*p, -z - 8*p = -5*z + 15464. What are the prime factors of z?
2, 3, 7, 23
Let v = 19 - 20. Let r(k) = -294*k + 40 - 23 + 81*k - 22. List the prime factors of r(v).
2, 13
Let p(z) = 15*z - 6. Let u be p(1). Suppose 4 = 11*s - u*s. Suppose 4*l = 2*t + 72, 5*t - 18 = -l + s*t. What are the prime factors of l?
2, 3
Let q = -4438 + 21743. List the prime factors of q.
5, 3461
Suppose l - 20*s = -22*s + 3306, -3*l = -3*s - 9864. List the prime factors of l.
2, 3, 61
Let p(k) = -k**2 + 11*k - 11. Let a(y) be the second derivative of y**4/6 + 7*y**3/6 - 15*y**2/2 + 19*y. Let r be a(2). List the prime factors of p(r).
17
Let w(n) = -2226*n - 1092. What are the prime factors of w(-7)?
2, 3, 5, 7, 23
Let s = 40365 + -18374. What are the prime factors of s?
21991
Let i be 79/3 - 25/75. What are the prime factors of (-1)/6 + 3252/144*i?
587
Suppose 0 = -2*f + 4 - 20. Let h be ((-430)/(-15))/(f/(-12)). Let d = h + 9. What are the prime factors of d?
2, 13
Let p be (-1)/2 - (-350)/4. Suppose p = m - 5*v, -5*m - 2*v = -16 - 392. Let h = m - 43. List the prime factors of h.
3, 13
Let k = -180 + 33. Let d = 0 - k. What are the prime factors of d?
3, 7
Let r = 57 - 53. Suppose 2*a - 2*w = -236, r*a + w = -607 + 125. What are the prime factors of -4*1/(-12)*a/(-5)?
2
Let q(x) = -6435*x + 135. What are the prime factors of q(-1)?
2, 3, 5, 73
Let y = -6723 - -14272. What are the prime factors of y?
7549
Suppose 3*m = -3*m - 7*m. Suppose 6*a - 19*a + 5382 = m. What are the prime factors of a?
2, 3, 23
L